 - 2. Let l(t) = -3*c(t) + d(t). What is l(1)?
-2
Suppose 5*o - 5 = 30. Suppose 5*u - 2*v + o = -9, -3*v = 2*u - 5. Let x(g) = 29*g**2 + 27*g**2 + 2*g + 3 - 57*g**2. Give x(u).
-5
Let y(o) be the second derivative of -o**5/20 + o**4/4 + o**3/3 + 9*o**2/2 + 47*o. Determine y(4).
1
Let x be (9/18)/(2/(-4)). Let c be (x + 1)/(-1)*1. Let i(v) = -v + c*v + v + v. What is i(0)?
0
Suppose 4*t + 0 = -8. Let x(r) = r**2 - 2*r - 5. Let c be x(4). Let w(i) = 1 - 6*i - 2*i**2 + c*i + 3*i. Calculate w(t).
-7
Let i(r) = -r**2 - 8*r + 11. Suppose -35*n + 30*n - 40 = 0. Determine i(n).
11
Suppose 4*r - 2*n = 28, 2*r - 10 = 5*n + 4. Let p be 2/r - 4/14. Let t(g) = g + 6 + g + g**2 + p*g - 5*g. Give t(4).
10
Let c(d) = 3. Let i(t) = t**2 - 3*t + 7. Let k(y) = -2*c(y) + i(y). Determine k(5).
11
Suppose z - 5*r + 25 = 5*z, -3*z = -4*r - 42. Let i(w) = w**2 - 9*w + 12. What is i(z)?
22
Let a(j) = -12*j**2 + 6*j - 5 + 2 + 8*j**2 + 5*j**2. Suppose r - 3*r = 0. Suppose v = 5*p - 4*p + 3, r = 5*v + 15. What is a(p)?
-3
Let k(v) be the second derivative of -v**5/20 + v**4/4 + v**3/6 - v**2 + 2*v. Let t be (-80)/(-12) + 6/(-9). Suppose 19*n - t = 16*n. Determine k(n).
4
Let s(p) = 275*p - 274*p + p**3 - 6*p**2 - 4 + 1. Calculate s(6).
3
Let g(z) = -2*z + 15. Suppose 5*d = -2*y + 39, -8*d + 7*d + 3 = 2*y. Give g(d).
-3
Suppose 0 = 5*r - 8 - 2. Let z(l) = r - l - 1 - 4*l + 2*l. Determine z(1).
-2
Let n(c) = -c + 2. Suppose -27 = -5*z - 32. Let a be n(z). Let f(i) = -i**2 + 2*i + 4. Determine f(a).
1
Let t(g) be the second derivative of g**4/12 - 7*g**3/6 + g**2 + 438*g. Give t(6).
-4
Let y(r) = -110 + 24 - 8*r + 37 + 37 + 39. Calculate y(4).
-5
Let s(j) = 5*j + 16. Let p(w) = w + 1. Let a(r) = -2*p(r) + s(r). Let d be a(-7). Let g(l) = -l**3 - 8*l**2 - 5*l + 9. What is g(d)?
-5
Suppose -w - 42 = -5*s + 2*s, -3*w = -5*s + 66. Let d(k) = -k**2 + 18*k - 50. Let y be d(s). Let c(u) = -u**2 - 4*u + 2. Determine c(y).
-3
Let a(q) = -q + 1. Suppose -h + 3 = 0, 19 - 59 = -5*w - 5*h. Let t = w + 0. Suppose t*p = 2*m - 17, -p - 2*m - 4 = p. Calculate a(p).
4
Let b(r) = 22*r**3 + 7*r**2 - 12*r. Let w(v) = 11*v**3 + 3*v**2 - 5*v. Let y(n) = -2*b(n) + 5*w(n). What is y(1)?
11
Let v(l) = -2*l - 15. Let q(r) = -4*r - 28. Let k(g) = -6*q(g) + 11*v(g). Calculate k(-4).
-5
Let d(o) = 1 - 222*o + 14*o**3 + 222*o - o**2. Calculate d(-1).
-14
Let w(p) = 67*p - 3. Let z(l) = -117*l + 6. Let u(b) = 7*w(b) + 4*z(b). Determine u(-16).
-13
Let t(i) = 5*i + 14. Let s be t(-7). Let a = 19 + s. Let g(k) = -4*k**3 - 2*k**2 + 3*k + 2. Calculate g(a).
20
Let a(y) be the first derivative of y**3/3 + 2*y**2 + 3*y + 12. Suppose -3*z = -4*p + 6, -p + 3 - 1 = -z. Calculate a(z).
-1
Let m(j) = -j. Let i(t) = -2*t + 12. Let z(x) = i(x) - 3*m(x). Determine z(-6).
6
Let a(s) = 2*s**2 - 12*s - 11. Let u = 10 - 5. Let n(z) = 3*z**2 - 18*z - 16. Suppose -8*k - 2 = 54. Let x(o) = k*a(o) + u*n(o). Determine x(4).
-11
Suppose -22 + 10 = 4*c. Let a(m) be the first derivative of m**2 - m + 1/3*m**3 - 8. What is a(c)?
2
Suppose -2 = 3*x + w - 16, -2*w = -10. Suppose t + x*t = 12, -2*h + 3*t = 15. Let q(g) = 2*g + 2. Determine q(h).
-4
Suppose 2*j - 6 = -2*t, -j = -5*t + 3*j + 51. Let c(g) = -g**2 - 76*g + 1. Let i(y) = 4*y**2 + 219*y + 3. Let u(r) = -3*c(r) - i(r). Determine u(t).
8
Let x = 141 - 142. Let s(z) be the first derivative of 3*z**3 + z**2/2 + z - 1. Calculate s(x).
9
Let j(b) be the second derivative of -b**4/4 + b**2/2 - 7*b. Let n be j(-1). Let o(u) be the first derivative of u**2 - u - 11. Determine o(n).
-5
Let u be (-4)/6 - ((-3528)/27)/(-14). Let s(j) be the first derivative of -j**3/3 - 5*j**2 - 2*j - 10. Give s(u).
-2
Let w(b) be the first derivative of b**4/4 - 4*b**3/3 + 2*b**2 - 2*b + 9. Let o(d) = d**2 + 5*d - 3. Let j be o(-6). Calculate w(j).
1
Let r(b) = -b - 1. Let f = 146 + -139. Determine r(f).
-8
Let t be -6 - (-10 - -2) - -4. Let y(n) be the second derivative of -n**3/6 + 2*n**2 + n. Give y(t).
-2
Suppose -2*r + t = 0, 5*t + 2 = -8. Let k be (-4 + 3/1)*r. Let y(j) = -6*j**3 + j**2 - j - 1. Let x(v) = -v. Let a(h) = 2*x(h) - y(h). Calculate a(k).
5
Let y(z) = -z**3 - z**2 + z. Let j(l) = -4*l**3 - 11*l**2 + 9*l - 17. Let x(c) = -j(c) + 3*y(c). What is x(-9)?
-10
Let a(p) = p**2 - 8*p + 4. Let u be a(9). Let b = u - 17. Let n(y) be the third derivative of y**6/120 + y**5/12 + 5*y**4/24 + y**3/2 + 3*y**2. What is n(b)?
-1
Let u(x) = -4 - 9*x - 5*x + 0 + 7*x + 8. Calculate u(-2).
18
Let m be -6 + -6 + -3 + 15. Let p(a) be the third derivative of m - 1/60*a**5 + 1/6*a**4 + 0*a + a**2 + 7/6*a**3. Calculate p(5).
2
Let y(j) = -j**3 - 2*j**2 + 5*j - 2. Let t(s) = -2*s**2 + 84*s + 3. Let h be t(42). Determine y(h).
-32
Let x = 26 - 16. Let z be (-10)/(-3)*12/x. Let f(y) = 4*y**3 - 6*y**2 - 7*y. Let k(p) = 3*p**3 - 5*p**2 - 6*p - 1. Let g(w) = 2*f(w) - 3*k(w). Give g(z).
3
Let o(j) = j + 3. Let s(h) = h**2 + 12*h + 6. Let g(w) = 2*o(w) - s(w). Determine g(-8).
16
Let g be (-4 + 1 + 2)*-2. Suppose 8 = g*y + 2*y. Let n(q) = -2*q + 0*q - 7 - 2*q**y + 5. What is n(-2)?
-6
Let d(a) = -a - 3. Let c(r) = r**3 - 14*r**2 + 10*r - 4. Let y(p) = -c(p) + 4*d(p). What is y(13)?
-21
Let z(t) be the first derivative of -t**4/2 - 3*t**3 - 2*t**2 + 277. Determine z(-4).
0
Suppose 5*p + 2*r - 35 = 0, -3*p - r - 3*r = -35. Let w(k) = k**2 - 3*k - 7. Let m be w(p). Let v(z) = 6*z - 3*z - m*z - 10 + z**3. Determine v(0).
-10
Let v(w) = -16*w**2 + 14*w**2 + 28 - 28 + w. Calculate v(2).
-6
Let y(q) be the second derivative of 7*q**4/24 + 17*q**2/2 - 25*q. Let c(p) be the first derivative of y(p). Calculate c(1).
7
Let q = -6 + 8. Suppose 2*c = 4*c + 8, q*c = g - 6. Let b(p) = 2 - 8 - 4*p + 3*p**3 + p**2 - 1 + 2 + 2. Calculate b(g).
-15
Let i = 21 - 18. Let c(x) = -4*x + 37*x**3 + 2*x**2 - 31*x**i + 5*x. Determine c(-1).
-5
Let c = -274 - -276. Let k(i) = 2*i**3 + i**2 - i + 2. Give k(c).
20
Let o(d) = 5*d**2 + d. Let a = -1 - -3. Suppose -5*w + a*w + 3*j = 21, 0 = -w - 4*j + 18. Let p(s) = s**3 + s**2 - 3*s - 3. Let n be p(w). Give o(n).
4
Let h(t) be the second derivative of t**3/3 - 3*t**2/2 - 1032*t. Let f(r) = -r**2 + 7*r - 2. Let p be f(6). Give h(p).
5
Let f(q) = 10*q - 12*q - 3 - 8. Let w be f(-8). Let j(m) = 2*m**2 - w*m**3 - 1 + 0*m**3 - 8*m**3 + 0. What is j(-1)?
14
Let r(j) be the third derivative of j**4/24 + j**3/3 + 109*j**2. What is r(3)?
5
Let a(n) = -n**3 + 9*n**2 - 10*n - 7. Let h(r) be the first derivative of r**3/3 - 5*r**2/2 - 16*r + 19. Let s be h(8). Calculate a(s).
-23
Let f(i) be the third derivative of -1/12*i**4 + 1/60*i**5 - 2*i**2 + 2/3*i**3 + 0 + 0*i. Suppose 0*g + 27 = 9*g. Give f(g).
7
Let l be (-5)/((-5)/6) - 1. Let y(u) = 0*u + 1 + 0 - l*u + u**2. Suppose -4*n - 4*w + 25 = -3*w, -4*n + 4*w = 0. What is y(n)?
1
Let y(b) = -2*b**2 - 8*b - 3. Let k be y(-4). Suppose -j + 1 + 1 = 0. Let u(n) = -j + 4 + 2*n**2 - 2 + 3*n. Determine u(k).
9
Let r(k) = 3*k**2 - 4*k - 3. Let z(s) = s**2 - s. Let h(q) = r(q) - 4*z(q). Suppose 57*u - 49*u = 0. Give h(u).
-3
Let q(x) = -5*x - 9. Let i = 77 - 83. Let n be 7/((-28)/(-48))*3/i. Calculate q(n).
21
Let x(t) = t**3 + t**2 - 61*t + 119*t + 31 - 57*t + 0*t**3. What is x(0)?
31
Let r(l) = l**3 - 4*l**2 - l + 1. Let c = 3 + -2. Let d be c*(-1 - 3)/(-4). Suppose -h = 2*b - 4, -h = 5*b - 3 - d. Calculate r(h).
-3
Suppose -3*q = 2*q - 2*f - 17, 0 = 4*q - 3*f - 15. Let c(t) be the second derivative of 0 - t + 1/2*t**2 - 1/6*t**q - 1/6*t**4. What is c(-2)?
-5
Let k(d) = -d**3 + 3*d**2 + 3*d + 5. Let a(n) = -n**3 + 9*n**2 - n + 13. Suppose -2*h + h + 9 = 0. Let z be a(h). Determine k(z).
1
Let r(g) = 4*g**2 + 8*g**2 - 2*g + 3 + 7*g**2 - 17*g**2. Give r(2).
7
Let n(h) = h - 14. Suppose -8*d = -4 + 20. Let g be (-9 + -3)/(3/d). Determine n(g).
-6
Let q(t) = -t**3 - 5*t**2 - 5*t - 5. Suppose -4*k = 2*v + 8, -2*v = 3*k - 6*v + 28. What is q(k)?
-1
Let s(o) = 2*o**2 - 4*o - 1. Let c be s(3). Let t(q) = -4*q + 0 + 1 - 64*q**2 + 65*q**2 + 3. Calculate t(c).
9
Let f be (9/(-15) + 1)/(16/(-40)). Let z(k) = 17*k**3 + k**2 + k + 1. Give z(f).
-16
Suppose -2*d + 5*d - 14 = 4*v, -2*d + 5*v + 14 = 0. Let n(z) = -z**3 + 3*z**d + 6 + 13 - 17. What is n(3)?
2
Let o = 224 + -225. Let h(y) = 9*y. What is h(o)?
-9
Let f(a) = -a + 13 - 7*a - a. Let d(t) = -4*t + 7. Let w(q) = -7*d(